se
Is 52132201697 prime?
True
Is 11535768443 a prime number?
True
Is 1632556909 a composite number?
True
Is 2701570769 a composite number?
False
Is 1319259035 composite?
True
Is 11755418399 prime?
False
Is 14469994667 prime?
True
Is 549308863 prime?
True
Is 214752163 a prime number?
False
Is 8532996541 a prime number?
False
Is 641752453 a prime number?
True
Is 150558819 prime?
False
Is 2049852013 a composite number?
True
Is 7836641951 prime?
True
Is 547359565879 composite?
True
Is 246147091 prime?
True
Is 493665773 a composite number?
True
Is 169311849149 a composite number?
False
Is 141142479 prime?
False
Is 15050973757 a composite number?
False
Is 31925869609 a prime number?
True
Is 11309154053 a prime number?
False
Is 6965042263 a prime number?
False
Is 4332596557 prime?
False
Is 1223248267 prime?
True
Is 28445757899 a composite number?
True
Is 8147309515 composite?
True
Is 92218510351 a composite number?
True
Is 36120491 a composite number?
True
Is 121056070159 prime?
True
Is 36889586641 prime?
True
Is 15369020759 prime?
True
Is 2184018671 a prime number?
True
Is 16888795733 composite?
True
Is 210283808933 a prime number?
False
Is 245352551 composite?
True
Is 413651291 a composite number?
True
Is 2781009463 prime?
True
Is 1047854881 prime?
True
Is 1573494073 a composite number?
False
Is 110050883 a prime number?
False
Is 34118640937 a prime number?
True
Is 220148465831 a prime number?
False
Is 439457971 a prime number?
False
Is 1288389869 prime?
False
Is 54515132717 a prime number?
True
Is 260942011 composite?
True
Is 784839247 a composite number?
True
Is 259126757 a prime number?
True
Is 4929013489 prime?
False
Is 86139678003 composite?
True
Is 823733653 a composite number?
False
Is 2668588679 composite?
False
Is 85849117 composite?
False
Is 18897112319 a composite number?
True
Is 2531886853 a composite number?
False
Is 6713720326 composite?
True
Is 45112735061 a composite number?
False
Is 288417449 composite?
True
Is 41281619293 prime?
True
Is 10029619277 prime?
True
Is 110455571 a prime number?
True
Is 32980335389 composite?
False
Is 7627146493 composite?
False
Is 228171834779 a composite number?
True
Is 3212205499 a prime number?
False
Is 1546088651 a prime number?
True
Is 3319125211 a prime number?
False
Is 122184659 a prime number?
True
Is 1896655793 a composite number?
True
Is 565376813 a prime number?
True
Is 971785261 composite?
True
Is 15652423 composite?
False
Is 2536676963 a composite number?
False
Is 33762961285 prime?
False
Is 1216125083 composite?
False
Is 501577305491 prime?
True
Is 28280564359 a composite number?
False
Is 58999839865 composite?
True
Is 5781208351 a prime number?
False
Is 353496583 composite?
True
Is 198632969 a prime number?
True
Is 1172893721 prime?
False
Is 33621775883 a composite number?
False
Is 494156654 composite?
True
Is 2427403339 prime?
False
Is 3160097711 a composite number?
False
Is 43851448933 prime?
True
Is 496932841 prime?
True
Is 425603729 a composite number?
False
Is 19688192681 composite?
False
Is 49615851709 a composite number?
False
Is 54152489707 a composite number?
True
Is 20029134613 prime?
False
Is 767676061 composite?
True
Is 696565081 a composite number?
False
Is 958071397 a prime number?
False
Is 59128073161 prime?
True
Is 11156894807 a prime number?
False
Is 3694097917 a composite number?
False
Is 5221236497 a composite number?
False
Is 36473795753 prime?
True
Is 3541476581 a composite number?
True
Is 7763081471 a prime number?
False
Is 4890295349 prime?
True
Is 2077667327 prime?
False
Is 253826431 a prime number?
False
Is 27237495199 composite?
True
Is 135311470033 composite?
False
Is 785910197 composite?
True
Is 755207329 prime?
False
Is 445928381 a composite number?
False
Is 10981632757 prime?
False
Is 205491871 a composite number?
True
Is 406802233 a composite number?
False
Is 2129695619 a composite number?
False
Is 21119561977 a prime number?
False
Is 45562498307 composite?
False
Is 292564895107 composite?
False
Is 287221721 composite?
False
Is 239830291 prime?
False
Is 37247054331 a prime number?
False
Is 2497792391 a prime number?
True
Is 52306141378 composite?
True
Is 246010354297 a composite number?
False
Is 2448744553 a composite number?
False
Is 4956582149 prime?
False
Is 386481659 prime?
False
Is 1728147899 a prime number?
True
Is 30591964841 a prime number?
False
Is 29136489845 a composite number?
True
Is 10087003 composite?
False
Is 21808942889 a composite number?
False
Is 666193571 a composite number?
False
Is 976778969 a composite number?
True
Is 61826968019 a prime number?
True
Is 122566065133 prime?
True
Is 18142410479 a prime number?
False
Is 54371089921 a composite number?
True
Is 5151071017 prime?
True
Is 1017208771 composite?
False
Is 12792341897 composite?
False
Is 25810822307 prime?
True
Is 3896139641 prime?
False
Is 865054849 prime?
False
Is 1487032961 prime?
False
Is 17989642787 composite?
False
Is 767243927 a prime number?
True
Is 4684169381 prime?
True
Is 92888669441 prime?
False
Is 13100550467 composite?
False
Is 19441560491 composite?
True
Is 64763349349 a prime number?
False
Is 41162322743 a composite number?
False
Is 3554765061 a prime number?
False
Is 61031457577 a composite number?
False
Is 21366049 composite?
True
Is 16288123531 prime?
True
Is 24719883721 a composite number?
True
Is 152810131 composite?
False
Is 5394133595 a prime number?
False
Is 1462046293 a prime number?
False
Is 1068459053 a composite number?
True
Is 2497093363 a prime number?
True
Is 174077741 composite?
True
Is 788215489 prime?
False
Is 207598037 a prime number?
False
Is 2359299235 a prime number?
False
Is 13179396233 a composite number?
False
Is 1982377235 a composite number?
True
Is 542575177 composite?
False
Is 2211257759 composite?
False
Is 3130924179 composite?
True
Is 4020462363 composite?
True
Is 6307641953 prime?
False
Is 3197717291 a composite number?
True
Is 3115276295 prime?
False
Is 2064429905 a composite number?
True
Is 351437791 a prime number?
True
Is 81326783347 a composite number?
True
Is 5709074203 a prime number?
False
Is 3062823431 prime?
True
Is 113107769 a composite number?
True
Is 2738039459 a prime number?
False
Is 13047133049 a composite number?
False
Is 12031573397 a composite number?
False
Is 1566085945 prime?
False
Is 67243423213 a composite number?
True
Is 355058723 composite?
False
Is 2584436854 prime?
False
Is 670101847 prime?
True
Is 3838885571 prime?
False
Is 94346723967 a prime number?
False
Is 4582769309 composite?
True
Is 824078917 composite?
False
Is 527759503 prime?
False
Is 2648363519 composite?
True
Is 634474361 a composite number?
True
Is 208998199 prime?
True
Is 174899591 composite?
False
Is 4672928861 a composite number?
True
Is 6822246689 composite?
True
Is 2338767917 prime?
True
Is 5591104621 a prime number?
True
Is 3301392863 prime?
False
Is 180923507 a prime number?
True
Is 370441789 a prime number?
True
Is 26880748127 a composite number?
False
Is 1676930117 a composite number?
True
Is 1351722107 a prime number?
False
Is 1010535787 a composite number?
False
Is 1062806207 a composite number?
True
Is 2538153763 prime?
True
Is 12559453 composite?
False
Is 9910653799 composite?
True
Is 2175523481 prime?
False
Is 7595524297 a composite number?
True
Is 2010518149 a composite number?
False
Is 2443469557 composite?
True
Is 594123421 a composite number?
True
Is 3756358433 a composite number?
False
Is 36605776457 composite?
False
Is 63915746 composite?
True
Is 47503702761 a composite number?
True
Is 1159602061 composite?
False
Is 1473362473 a prime number?
False
Is 120709190467 composite?
False
Is 14272155215 prime?
False
Is 10678862567 prime?
False
Is 216206863 prime?
False
Is 26675008757 a prime number?
True
Is 36156343 prime?
True
Is 2274245239 a prime number?
False
Is 11997969989 a prime number?
True
Is 109250733587 a prime number?
True
Is 2441221654 composite?
True
Is 61544957 a composite number?
False
Is 8970575501 composite?
False
Is 502354981 a prime number?
False
Is 445548469 a composite number?
True
Is 754839713 prime?
True
Is 1099802009 a prime number?
True
Is 15067478347 a composite number?
True
Is 55679207 a composite number?
False
Is 5763727751 a composite number?
True
Is 266379595 a prime number?
False
Is 598691447 c